8 and 203004?
18
Calculate the highest common factor of 262 and 7354.
2
Calculate the greatest common divisor of 298551 and 33.
33
Calculate the greatest common factor of 228 and 24244.
76
What is the highest common divisor of 20881 and 7847?
133
What is the greatest common factor of 6 and 122934?
6
Calculate the highest common factor of 663 and 136136.
221
Calculate the highest common factor of 137 and 27263.
137
Calculate the highest common divisor of 25 and 373225.
25
What is the greatest common factor of 7 and 129619?
7
What is the greatest common factor of 15616 and 6588?
244
What is the greatest common factor of 21808 and 6416?
16
What is the greatest common factor of 24 and 2745798?
6
What is the highest common divisor of 4 and 4458?
2
What is the greatest common factor of 42800 and 160?
80
What is the highest common factor of 149925 and 15?
15
Calculate the greatest common divisor of 772 and 40723.
193
Calculate the highest common factor of 32079 and 296.
37
What is the greatest common divisor of 2234851 and 1132?
283
Calculate the highest common factor of 166019 and 1.
1
Calculate the highest common factor of 1042029 and 9.
9
Calculate the highest common factor of 2100 and 10290.
210
What is the greatest common divisor of 79 and 1162327?
79
Calculate the greatest common factor of 101200 and 2875.
575
What is the highest common divisor of 1782 and 558?
18
Calculate the highest common factor of 14164 and 36.
4
What is the highest common divisor of 3 and 2341?
1
Calculate the highest common divisor of 12 and 10353132.
12
What is the highest common factor of 27305512 and 104?
104
What is the highest common factor of 37600 and 282?
94
What is the highest common factor of 34 and 106097?
17
Calculate the highest common divisor of 6077 and 2183.
59
What is the greatest common factor of 810 and 1064070?
270
What is the greatest common factor of 451 and 35057?
11
Calculate the highest common factor of 1595 and 3179.
11
Calculate the greatest common divisor of 1184690 and 2873.
169
Calculate the greatest common divisor of 335 and 84621.
67
Calculate the greatest common divisor of 74552 and 512.
8
Calculate the highest common factor of 345 and 26105.
115
Calculate the highest common divisor of 87123 and 3051.
339
What is the greatest common divisor of 3886 and 603?
67
Calculate the greatest common factor of 130774 and 14.
14
What is the highest common divisor of 1336 and 9686?
334
What is the highest common factor of 7632 and 100992?
48
What is the greatest common factor of 11825 and 45325?
25
What is the greatest common factor of 3309 and 1736122?
1103
What is the greatest common factor of 20054 and 148?
74
What is the greatest common factor of 245976 and 888?
888
What is the highest common factor of 3521 and 168?
7
What is the highest common factor of 896 and 1141?
7
What is the greatest common factor of 62 and 380401?
31
Calculate the highest common divisor of 214665 and 440.
55
What is the highest common factor of 896 and 40544?
224
What is the greatest common divisor of 75 and 1504725?
75
What is the greatest common factor of 58 and 55274?
58
Calculate the highest common factor of 33 and 4083.
3
What is the highest common factor of 18360 and 240?
120
Calculate the highest common divisor of 13483 and 1552.
97
Calculate the highest common divisor of 816 and 1972.
68
What is the highest common divisor of 3100411 and 97?
97
Calculate the greatest common divisor of 3 and 2765442.
3
What is the highest common factor of 40 and 513940?
20
Calculate the greatest common factor of 744 and 526690.
62
What is the highest common divisor of 20 and 5230?
10
What is the greatest common factor of 40 and 2295?
5
Calculate the highest common divisor of 7708 and 376.
188
What is the highest common divisor of 18378 and 1631558?
2042
What is the highest common factor of 60 and 777540?
60
What is the highest common divisor of 9 and 52146?
9
Calculate the greatest common divisor of 2178909 and 9.
9
What is the highest common divisor of 19371 and 1089?
33
Calculate the greatest common divisor of 9 and 90405.
9
Calculate the greatest common divisor of 351 and 51649.
13
What is the greatest common factor of 668 and 375082?
334
What is the greatest common divisor of 7314 and 18?
6
What is the highest common divisor of 14166 and 1413?
9
Calculate the highest common divisor of 8645576 and 1192.
1192
Calculate the greatest common factor of 912 and 496.
16
Calculate the highest common divisor of 4132847 and 23.
23
What is the greatest common factor of 540 and 44415?
135
What is the highest common divisor of 63846 and 4?
2
What is the greatest common factor of 119 and 465?
1
What is the highest common factor of 42752 and 3328?
256
Calculate the highest common divisor of 1313 and 143.
13
Calculate the highest common divisor of 2581 and 41563.
89
What is the highest common factor of 2824 and 752?
8
Calculate the highest common divisor of 158 and 135959.
79
What is the greatest common factor of 867 and 10149?
51
Calculate the greatest common factor of 67005 and 45.
45
What is the greatest common factor of 9 and 330489?
9
Calculate the greatest common factor of 1288 and 79814.
14
Calculate the greatest common divisor of 231 and 5005.
77
Calculate the greatest common factor of 92871 and 153.
153
Calculate the greatest common factor of 22 and 84766.
22
What is the greatest common factor of 5734 and 58750?
94
What is the greatest common factor of 34968 and 2728?
248
What is the greatest common factor of 53013 and 2829?
123
Calculate the highest common divisor of 216 and 143604.
36
What is the highest common factor of 17067 and 21?
3
Calculate the highest common factor of 33 and 7005.
3
Calculate the highest common factor of 20174 and 198.
22
Calculate the highest common factor of 9 and 4707279.
9
Calculate the highest common factor of 348 and 80214.
174
What is the greatest common divisor of 4052000 and 16?
16
Calculate the greatest common divisor of 30 and 498110.
10
Calculate the highest common divisor of 5540 and 90.
10
Calculate the highest common divisor of 38364 and 1380.
276
What is the greatest common factor of 754 and 3509?
29
Calculate the highest common divisor of 5814 and 627.
57
Calculate the greatest common divisor of 1034715 and 825.
165
What is the highest common divisor of 13066 and 219898?
278
Calculate the greatest common divisor of 39911 and 21079.
107
Calculate the greatest common factor of 2988 and 48.
12
Calculate the highest common divisor of 244627 and 172.
43
What is the greatest common factor of 9541 and 609?
203
Calculate the highest common divisor of 157764 and 228.
12
What is the highest common divisor of 3060 and 34320?
60
What is the highest common divisor of 672 and 1029?
21
What is the highest common factor of 5986295 and 1190?
595
What is the highest common divisor of 31212 and 1637712?
1836
Calculate the highest common divisor of 2037217 and 183.
61
Calculate the greatest common divisor of 487761 and 69.
69
What is the greatest common divisor of 144 and 1833408?
144
Calculate the highest common divisor of 27 and 22329.
27
What is the highest common factor of 5096 and 1813?
49
What is the greatest common factor of 36 and 22524?
12
What is the greatest common factor of 63273 and 667?
23
What is the greatest common factor of 198 and 761112?
198
What is the greatest common factor of 4538237 and 11?
11
What is the greatest common divisor of 1166 and 57948?
22
Calculate the greatest common divisor of 2925 and 499200.
975
Calculate the highest common divisor of 618 and 58607.
103
What is the greatest common factor of 726 and 4906?
22
What is the highest common divisor of 15985 and 207?
23
What is the greatest common divisor of 552575 and 100?
25
What is the greatest common divisor of 84336 and 1344?
336
What is the highest common divisor of 171 and 33307?
19
What is the greatest common divisor of 476 and 1212?
4
Calculate the greatest common divisor of 2162 and 27072.
94
Calculate the greatest common divisor of 500 and 65700.
100
Calculate the highest common divisor of 4750 and 304.
38
Calculate the greatest common divisor of 29648 and 1088.
272
What is the greatest common factor of 17 and 1415369?
17
What is the highest common factor of 6003 and 4